{"id":5,"date":"2026-01-25T12:21:56","date_gmt":"2026-01-25T12:21:56","guid":{"rendered":"http:\/\/localhost:8080\/?page_id=5"},"modified":"2026-05-13T15:50:32","modified_gmt":"2026-05-13T15:50:32","slug":"5-2","status":"publish","type":"page","link":"https:\/\/sambafa.se\/","title":{"rendered":"Startsida"},"content":{"rendered":"\n<div class=\"wp-block-cover alignfull has-custom-content-position is-position-bottom-center\" style=\"border-width:20px;margin-top:0;margin-bottom:0;padding-top:var(--wp--preset--spacing--50);padding-right:var(--wp--preset--spacing--50);padding-bottom:var(--wp--preset--spacing--50);padding-left:var(--wp--preset--spacing--50);min-height:840px;aspect-ratio:unset;\"><img loading=\"lazy\" decoding=\"async\" width=\"1024\" height=\"695\" class=\"wp-block-cover__image-background wp-image-25 size-large\" alt=\"\" src=\"https:\/\/ny.sambafa.se\/wp-content\/uploads\/2026\/02\/IMG_8286-1024x695.jpeg\" data-object-fit=\"cover\" srcset=\"https:\/\/sambafa.se\/wp-content\/uploads\/2026\/02\/IMG_8286-1024x695.jpeg 1024w, https:\/\/sambafa.se\/wp-content\/uploads\/2026\/02\/IMG_8286-300x204.jpeg 300w, https:\/\/sambafa.se\/wp-content\/uploads\/2026\/02\/IMG_8286-768x521.jpeg 768w, https:\/\/sambafa.se\/wp-content\/uploads\/2026\/02\/IMG_8286.jpeg 1169w\" sizes=\"auto, (max-width: 1024px) 100vw, 1024px\" \/><span aria-hidden=\"true\" class=\"wp-block-cover__background has-background-dim-10 has-background-dim\"><\/span><div class=\"wp-block-cover__inner-container has-global-padding is-layout-constrained wp-container-core-cover-is-layout-3aaaaffa wp-block-cover-is-layout-constrained\">\n<p class=\"has-text-align-center has-large-font-size\"><\/p>\n<\/div><\/div>\n\n\n\n<div class=\"wp-block-group alignfull has-global-padding is-layout-constrained wp-block-group-is-layout-constrained\" style=\"margin-top:0;margin-bottom:0;padding-top:0;padding-bottom:0\">\n<div class=\"wp-block-group alignwide is-layout-flow wp-container-core-group-is-layout-d58a0413 wp-block-group-is-layout-flow\" style=\"padding-top:var(--wp--preset--spacing--50);padding-bottom:var(--wp--preset--spacing--50)\">\n<div class=\"wp-block-columns is-layout-flex wp-container-core-columns-is-layout-5ae6d862 wp-block-columns-is-layout-flex\" style=\"padding-top:0;padding-bottom:0\">\n<div class=\"wp-block-column is-style-section-3 is-layout-flow wp-block-column-is-layout-flow is-style-section-3--1\" style=\"padding-top:var(--wp--preset--spacing--50);padding-right:var(--wp--preset--spacing--50);padding-bottom:var(--wp--preset--spacing--50);padding-left:var(--wp--preset--spacing--50)\">\n<div class=\"wp-block-group is-layout-flow wp-block-group-is-layout-flow\" style=\"border-top-color:var(--wp--preset--color--accent-6);border-top-width:1px;padding-top:var(--wp--preset--spacing--30);padding-bottom:var(--wp--preset--spacing--30)\">\n<h3 class=\"wp-block-heading\"><a href=\"https:\/\/sambafa.se\/?page_id=10\" data-type=\"link\" data-id=\"https:\/\/sambafa.se\/?page_id=10\">Sambafotboll \u2013 Det vackra spelet<\/a><\/h3>\n\n\n\n<p>I Brasilien \u00e4r fotbollen f\u00f6rst och fr\u00e4mst en form av underh\u00e5llning. Viktigare \u00e4n resultatet \u00e4r hur man spelar. \u00c4nd\u00e5 har landet vunnit flest VM-titlar och producerat flest fotbollsstj\u00e4rnor!<\/p>\n<\/div>\n<\/div>\n\n\n\n<div class=\"wp-block-column is-style-section-3 is-layout-flow wp-block-column-is-layout-flow is-style-section-3--2\" style=\"padding-top:var(--wp--preset--spacing--50);padding-right:var(--wp--preset--spacing--50);padding-bottom:var(--wp--preset--spacing--50);padding-left:var(--wp--preset--spacing--50)\">\n<div class=\"wp-block-group is-layout-flow wp-block-group-is-layout-flow\" style=\"border-top-color:var(--wp--preset--color--accent-6);border-top-width:1px;padding-top:var(--wp--preset--spacing--30);padding-bottom:var(--wp--preset--spacing--30)\">\n<h3 class=\"wp-block-heading\"><a href=\"https:\/\/sambafa.se\/?page_id=14\" data-type=\"link\" data-id=\"https:\/\/sambafa.se\/?page_id=14\">Lyckade samh\u00e4llsinsatser<\/a><\/h3>\n\n\n\n<p>I Sambafotbollen \u00e4r resultatet i matcher sekund\u00e4rt. Det viktiga \u00e4r att f\u00f6rs\u00f6ka spela och agera vackert p\u00e5 plan och mot varandra. Denna h\u00e5llning skapar en h\u00e4lsosam och v\u00e4nlig m\u00f6tesplats som ger de unga sunda v\u00e4rderingar!<\/p>\n<\/div>\n<\/div>\n\n\n\n<div class=\"wp-block-column is-style-section-3 is-layout-flow wp-block-column-is-layout-flow is-style-section-3--3\" style=\"padding-top:var(--wp--preset--spacing--50);padding-right:var(--wp--preset--spacing--50);padding-bottom:var(--wp--preset--spacing--50);padding-left:var(--wp--preset--spacing--50)\">\n<div class=\"wp-block-group is-layout-flow wp-block-group-is-layout-flow\" style=\"border-top-color:var(--wp--preset--color--accent-6);border-top-width:1px;padding-top:var(--wp--preset--spacing--30);padding-bottom:var(--wp--preset--spacing--30)\">\n<h3 class=\"wp-block-heading\"><a href=\"http:\/\/www.sambafa.se\/bli-en-sambaspelare\/\">Bli en Sambaspelare<\/a><\/h3>\n\n\n\n<p>KREATIV som Vinicius J\u00fanior Anv\u00e4nd din kreativitet i livet. Str\u00e4va efter att g\u00f6ra saker p\u00e5 ett vackert och stilfullt s\u00e4tt. Hitta f\u00f6rebilder som du kan h\u00e4rma och \u00f6vertr\u00e4ffa.<\/p>\n<\/div>\n<\/div>\n<\/div>\n<\/div>\n<\/div>\n\n\n\n<div class=\"wp-block-group alignfull is-style-section-5 has-global-padding is-layout-constrained wp-block-group-is-layout-constrained is-style-section-5--4\" style=\"margin-top:0;margin-bottom:0;padding-top:var(--wp--preset--spacing--50);padding-bottom:var(--wp--preset--spacing--50)\">\n<div class=\"wp-block-columns alignwide is-layout-flex wp-container-core-columns-is-layout-7ee84d44 wp-block-columns-is-layout-flex\">\n<div class=\"wp-block-column is-vertically-aligned-center is-layout-flow wp-block-column-is-layout-flow\">\n<figure class=\"wp-block-embed is-type-video is-provider-vimeo wp-block-embed-vimeo wp-embed-aspect-16-9 wp-has-aspect-ratio\"><div class=\"wp-block-embed__wrapper\">\n<iframe loading=\"lazy\" title=\"Vill du vara med?\" src=\"https:\/\/player.vimeo.com\/video\/739776995?dnt=1&amp;app_id=122963\" width=\"500\" height=\"281\" frameborder=\"0\" allow=\"autoplay; fullscreen; picture-in-picture; clipboard-write; encrypted-media; web-share\" referrerpolicy=\"strict-origin-when-cross-origin\"><\/iframe>\n<\/div><\/figure>\n<\/div>\n<\/div>\n<\/div>\n\n\n\n<div class=\"wp-block-group alignfull has-global-padding is-layout-constrained wp-block-group-is-layout-constrained\" style=\"margin-top:0;margin-bottom:0\">\n<div class=\"wp-block-group alignwide is-layout-grid wp-container-core-group-is-layout-5fdb10e5 wp-block-group-is-layout-grid\" style=\"padding-top:var(--wp--preset--spacing--50);padding-bottom:var(--wp--preset--spacing--50)\">\n<div class=\"wp-block-group is-vertical is-content-justification-left is-layout-flex wp-container-core-group-is-layout-dd225191 wp-block-group-is-layout-flex\">\n<p>Vi vill rikta ett stort tack till alla samarbetspartners som st\u00f6djer v\u00e5r samh\u00e4llsinsats. Utan ert engagemang och er generositet hade vi inte kunnat g\u00f6ra den skillnad vi g\u00f6r idag f\u00f6r barn och ungdomar i utsatta omr\u00e5den. Tillsammans \u00e4r vi starka och tillsammans skapar vi med Sambafotbollen ett b\u00e4ttre samh\u00e4lle och en b\u00e4ttre framtid f\u00f6r barn och ungdomar i Sverige.&nbsp; \u2019<\/p>\n\n\n\n<p><em>Stort tack mina v\u00e4nner &#8211; Erik \u201dSamba\u201d Johansson<\/em><\/p>\n\n\n\n<blockquote class=\"wp-block-quote is-layout-flow wp-block-quote-is-layout-flow\">\n<p class=\"has-medium-font-size\">Vi \u00e4r v\u00e4ldigt n\u00f6jda med Samba Football Acadmys verksamhet. Deras fotbollspass aktiverar m\u00e5nga barn och ungdomar p\u00e5 ett positivt s\u00e4tt. Att de ocks\u00e5 utbildar \u00e4ldre lokala ungdomar fr\u00e5n Norra Botkyrka som f\u00e5r arbeta i verksamheten \u00e4r j\u00e4ttebra!<\/p>\n\n\n\n<p><em>Linus S\u00f6derling, Botkyrka kommun<\/em><\/p>\n<\/blockquote>\n\n\n\n<blockquote class=\"wp-block-quote is-layout-flow wp-block-quote-is-layout-flow\">\n<p class=\"has-medium-font-size\">Det k\u00e4nns v\u00e4ldigt roligt att samarbeta med Samba Football Academy. De har samma grundsyn p\u00e5 elever som vi och tillsammans tar vi ett helhetsansvar f\u00f6r eleverna. En god undervisning med h\u00f6g kvalitet och en tydlig social fostran borgar f\u00f6r att vi f\u00e5r ungdomar som \u00e4r redo att m\u00f6ta framtiden.<\/p>\n\n\n\n<p><em><em><em><em>Happy Hilmarsdottir, rektor p\u00e5 H\u00e4sselbyg\u00e5rdsskolan<\/em><\/em><\/em><\/em><strong><em><strong><em><strong><em><strong><em>.<\/em><\/strong><\/em><\/strong><\/em><\/strong><\/em><\/strong><\/p>\n<\/blockquote>\n<\/div>\n\n\n\n<div class=\"wp-block-group is-vertical is-content-justification-stretch is-nowrap is-layout-flex wp-container-core-group-is-layout-627337ab wp-block-group-is-layout-flex\">\n<figure class=\"wp-block-gallery has-nested-images columns-3 samba-flex-nogrow wp-block-gallery-5 wp-container-content-5dc44c30 is-layout-flex wp-block-gallery-is-layout-flex\">\n<figure class=\"wp-block-image size-large\"><img loading=\"lazy\" decoding=\"async\" width=\"500\" height=\"500\" data-id=\"137\" src=\"https:\/\/ny.sambafa.se\/wp-content\/uploads\/2026\/02\/boomr-500x500-1.png\" alt=\"\" class=\"wp-image-137\" srcset=\"https:\/\/sambafa.se\/wp-content\/uploads\/2026\/02\/boomr-500x500-1.png 500w, https:\/\/sambafa.se\/wp-content\/uploads\/2026\/02\/boomr-500x500-1-300x300.png 300w, https:\/\/sambafa.se\/wp-content\/uploads\/2026\/02\/boomr-500x500-1-150x150.png 150w\" sizes=\"auto, (max-width: 500px) 100vw, 500px\" \/><\/figure>\n\n\n\n<figure class=\"wp-block-image size-large\"><img loading=\"lazy\" decoding=\"async\" width=\"500\" height=\"500\" data-id=\"138\" src=\"https:\/\/ny.sambafa.se\/wp-content\/uploads\/2026\/02\/bostadsbolaget-500x500-1.png\" alt=\"\" class=\"wp-image-138\" srcset=\"https:\/\/sambafa.se\/wp-content\/uploads\/2026\/02\/bostadsbolaget-500x500-1.png 500w, https:\/\/sambafa.se\/wp-content\/uploads\/2026\/02\/bostadsbolaget-500x500-1-300x300.png 300w, https:\/\/sambafa.se\/wp-content\/uploads\/2026\/02\/bostadsbolaget-500x500-1-150x150.png 150w\" sizes=\"auto, (max-width: 500px) 100vw, 500px\" \/><\/figure>\n\n\n\n<figure class=\"wp-block-image size-large\"><img loading=\"lazy\" decoding=\"async\" width=\"500\" height=\"500\" data-id=\"139\" src=\"https:\/\/ny.sambafa.se\/wp-content\/uploads\/2026\/02\/botkyrkabyggen-500x500-1.png\" alt=\"\" class=\"wp-image-139\" srcset=\"https:\/\/sambafa.se\/wp-content\/uploads\/2026\/02\/botkyrkabyggen-500x500-1.png 500w, https:\/\/sambafa.se\/wp-content\/uploads\/2026\/02\/botkyrkabyggen-500x500-1-300x300.png 300w, https:\/\/sambafa.se\/wp-content\/uploads\/2026\/02\/botkyrkabyggen-500x500-1-150x150.png 150w\" sizes=\"auto, (max-width: 500px) 100vw, 500px\" \/><\/figure>\n\n\n\n<figure class=\"wp-block-image size-large\"><img loading=\"lazy\" decoding=\"async\" width=\"500\" height=\"500\" data-id=\"140\" src=\"https:\/\/ny.sambafa.se\/wp-content\/uploads\/2026\/02\/botkyrkakommun-500x500-1.png\" alt=\"\" class=\"wp-image-140\" srcset=\"https:\/\/sambafa.se\/wp-content\/uploads\/2026\/02\/botkyrkakommun-500x500-1.png 500w, https:\/\/sambafa.se\/wp-content\/uploads\/2026\/02\/botkyrkakommun-500x500-1-300x300.png 300w, https:\/\/sambafa.se\/wp-content\/uploads\/2026\/02\/botkyrkakommun-500x500-1-150x150.png 150w\" sizes=\"auto, (max-width: 500px) 100vw, 500px\" \/><\/figure>\n\n\n\n<figure class=\"wp-block-image size-large\"><img loading=\"lazy\" decoding=\"async\" width=\"500\" height=\"500\" data-id=\"142\" src=\"https:\/\/ny.sambafa.se\/wp-content\/uploads\/2026\/02\/csmaskin-500x500-1.png\" alt=\"\" class=\"wp-image-142\" srcset=\"https:\/\/sambafa.se\/wp-content\/uploads\/2026\/02\/csmaskin-500x500-1.png 500w, https:\/\/sambafa.se\/wp-content\/uploads\/2026\/02\/csmaskin-500x500-1-300x300.png 300w, https:\/\/sambafa.se\/wp-content\/uploads\/2026\/02\/csmaskin-500x500-1-150x150.png 150w\" sizes=\"auto, (max-width: 500px) 100vw, 500px\" \/><\/figure>\n\n\n\n<figure class=\"wp-block-image size-large\"><img loading=\"lazy\" decoding=\"async\" width=\"500\" height=\"500\" data-id=\"141\" src=\"https:\/\/ny.sambafa.se\/wp-content\/uploads\/2026\/02\/familjebostader-500x500-1.png\" alt=\"\" class=\"wp-image-141\" srcset=\"https:\/\/sambafa.se\/wp-content\/uploads\/2026\/02\/familjebostader-500x500-1.png 500w, https:\/\/sambafa.se\/wp-content\/uploads\/2026\/02\/familjebostader-500x500-1-300x300.png 300w, https:\/\/sambafa.se\/wp-content\/uploads\/2026\/02\/familjebostader-500x500-1-150x150.png 150w\" sizes=\"auto, (max-width: 500px) 100vw, 500px\" \/><\/figure>\n\n\n\n<figure class=\"wp-block-image size-large\"><img loading=\"lazy\" decoding=\"async\" width=\"500\" height=\"500\" data-id=\"143\" src=\"https:\/\/ny.sambafa.se\/wp-content\/uploads\/2026\/02\/fastpartner-500x500-1.png\" alt=\"\" class=\"wp-image-143\" srcset=\"https:\/\/sambafa.se\/wp-content\/uploads\/2026\/02\/fastpartner-500x500-1.png 500w, https:\/\/sambafa.se\/wp-content\/uploads\/2026\/02\/fastpartner-500x500-1-300x300.png 300w, https:\/\/sambafa.se\/wp-content\/uploads\/2026\/02\/fastpartner-500x500-1-150x150.png 150w\" sizes=\"auto, (max-width: 500px) 100vw, 500px\" \/><\/figure>\n\n\n\n<figure class=\"wp-block-image size-large\"><img loading=\"lazy\" decoding=\"async\" width=\"500\" height=\"500\" data-id=\"145\" src=\"https:\/\/ny.sambafa.se\/wp-content\/uploads\/2026\/02\/justnu-500x500-1.png\" alt=\"\" class=\"wp-image-145\" srcset=\"https:\/\/sambafa.se\/wp-content\/uploads\/2026\/02\/justnu-500x500-1.png 500w, https:\/\/sambafa.se\/wp-content\/uploads\/2026\/02\/justnu-500x500-1-300x300.png 300w, https:\/\/sambafa.se\/wp-content\/uploads\/2026\/02\/justnu-500x500-1-150x150.png 150w\" sizes=\"auto, (max-width: 500px) 100vw, 500px\" \/><\/figure>\n\n\n\n<figure class=\"wp-block-image size-large\"><img loading=\"lazy\" decoding=\"async\" width=\"500\" height=\"500\" data-id=\"144\" src=\"https:\/\/ny.sambafa.se\/wp-content\/uploads\/2026\/02\/kungsvaningen-500x500-1.png\" alt=\"\" class=\"wp-image-144\" srcset=\"https:\/\/sambafa.se\/wp-content\/uploads\/2026\/02\/kungsvaningen-500x500-1.png 500w, https:\/\/sambafa.se\/wp-content\/uploads\/2026\/02\/kungsvaningen-500x500-1-300x300.png 300w, https:\/\/sambafa.se\/wp-content\/uploads\/2026\/02\/kungsvaningen-500x500-1-150x150.png 150w\" sizes=\"auto, (max-width: 500px) 100vw, 500px\" \/><\/figure>\n\n\n\n<figure class=\"wp-block-image size-large\"><img loading=\"lazy\" decoding=\"async\" width=\"500\" height=\"500\" data-id=\"146\" src=\"https:\/\/ny.sambafa.se\/wp-content\/uploads\/2026\/02\/poseidon-500x500-1.png\" alt=\"\" class=\"wp-image-146\" srcset=\"https:\/\/sambafa.se\/wp-content\/uploads\/2026\/02\/poseidon-500x500-1.png 500w, https:\/\/sambafa.se\/wp-content\/uploads\/2026\/02\/poseidon-500x500-1-300x300.png 300w, https:\/\/sambafa.se\/wp-content\/uploads\/2026\/02\/poseidon-500x500-1-150x150.png 150w\" sizes=\"auto, (max-width: 500px) 100vw, 500px\" \/><\/figure>\n\n\n\n<figure class=\"wp-block-image size-large\"><img loading=\"lazy\" decoding=\"async\" width=\"500\" height=\"500\" data-id=\"147\" src=\"https:\/\/ny.sambafa.se\/wp-content\/uploads\/2026\/02\/sportredaktionen-500x500-1.png\" alt=\"\" class=\"wp-image-147\" srcset=\"https:\/\/sambafa.se\/wp-content\/uploads\/2026\/02\/sportredaktionen-500x500-1.png 500w, https:\/\/sambafa.se\/wp-content\/uploads\/2026\/02\/sportredaktionen-500x500-1-300x300.png 300w, https:\/\/sambafa.se\/wp-content\/uploads\/2026\/02\/sportredaktionen-500x500-1-150x150.png 150w\" sizes=\"auto, (max-width: 500px) 100vw, 500px\" \/><\/figure>\n\n\n\n<figure class=\"wp-block-image size-large\"><img loading=\"lazy\" decoding=\"async\" width=\"500\" height=\"500\" data-id=\"148\" src=\"https:\/\/ny.sambafa.se\/wp-content\/uploads\/2026\/02\/stadium-500x500-1.png\" alt=\"\" class=\"wp-image-148\" srcset=\"https:\/\/sambafa.se\/wp-content\/uploads\/2026\/02\/stadium-500x500-1.png 500w, https:\/\/sambafa.se\/wp-content\/uploads\/2026\/02\/stadium-500x500-1-300x300.png 300w, https:\/\/sambafa.se\/wp-content\/uploads\/2026\/02\/stadium-500x500-1-150x150.png 150w\" sizes=\"auto, (max-width: 500px) 100vw, 500px\" \/><\/figure>\n\n\n\n<figure class=\"wp-block-image size-large\"><img loading=\"lazy\" decoding=\"async\" width=\"500\" height=\"500\" data-id=\"149\" src=\"https:\/\/ny.sambafa.se\/wp-content\/uploads\/2026\/02\/stockholmshem-500x500-1.png\" alt=\"\" class=\"wp-image-149\" srcset=\"https:\/\/sambafa.se\/wp-content\/uploads\/2026\/02\/stockholmshem-500x500-1.png 500w, https:\/\/sambafa.se\/wp-content\/uploads\/2026\/02\/stockholmshem-500x500-1-300x300.png 300w, https:\/\/sambafa.se\/wp-content\/uploads\/2026\/02\/stockholmshem-500x500-1-150x150.png 150w\" sizes=\"auto, (max-width: 500px) 100vw, 500px\" \/><\/figure>\n\n\n\n<figure class=\"wp-block-image size-large\"><img loading=\"lazy\" decoding=\"async\" width=\"500\" height=\"500\" data-id=\"150\" src=\"https:\/\/ny.sambafa.se\/wp-content\/uploads\/2026\/02\/stockholmstad-500x500-1.png\" alt=\"\" class=\"wp-image-150\" srcset=\"https:\/\/sambafa.se\/wp-content\/uploads\/2026\/02\/stockholmstad-500x500-1.png 500w, https:\/\/sambafa.se\/wp-content\/uploads\/2026\/02\/stockholmstad-500x500-1-300x300.png 300w, https:\/\/sambafa.se\/wp-content\/uploads\/2026\/02\/stockholmstad-500x500-1-150x150.png 150w\" sizes=\"auto, (max-width: 500px) 100vw, 500px\" \/><\/figure>\n\n\n\n<figure class=\"wp-block-image size-large\"><img loading=\"lazy\" decoding=\"async\" width=\"500\" height=\"500\" data-id=\"151\" src=\"https:\/\/ny.sambafa.se\/wp-content\/uploads\/2026\/02\/svenskabostader-500x500-1.png\" alt=\"\" class=\"wp-image-151\" srcset=\"https:\/\/sambafa.se\/wp-content\/uploads\/2026\/02\/svenskabostader-500x500-1.png 500w, https:\/\/sambafa.se\/wp-content\/uploads\/2026\/02\/svenskabostader-500x500-1-300x300.png 300w, https:\/\/sambafa.se\/wp-content\/uploads\/2026\/02\/svenskabostader-500x500-1-150x150.png 150w\" sizes=\"auto, (max-width: 500px) 100vw, 500px\" \/><\/figure>\n\n\n\n<figure class=\"wp-block-image size-large\"><img loading=\"lazy\" decoding=\"async\" width=\"500\" height=\"500\" data-id=\"153\" src=\"https:\/\/ny.sambafa.se\/wp-content\/uploads\/2026\/02\/vikingline-500x500-1.png\" alt=\"\" class=\"wp-image-153\" srcset=\"https:\/\/sambafa.se\/wp-content\/uploads\/2026\/02\/vikingline-500x500-1.png 500w, https:\/\/sambafa.se\/wp-content\/uploads\/2026\/02\/vikingline-500x500-1-300x300.png 300w, https:\/\/sambafa.se\/wp-content\/uploads\/2026\/02\/vikingline-500x500-1-150x150.png 150w\" sizes=\"auto, (max-width: 500px) 100vw, 500px\" \/><\/figure>\n\n\n\n<figure class=\"wp-block-image size-large\"><img loading=\"lazy\" decoding=\"async\" width=\"500\" height=\"500\" data-id=\"152\" src=\"https:\/\/ny.sambafa.se\/wp-content\/uploads\/2026\/02\/wasaoptik-500x500-1.png\" alt=\"\" class=\"wp-image-152\" srcset=\"https:\/\/sambafa.se\/wp-content\/uploads\/2026\/02\/wasaoptik-500x500-1.png 500w, https:\/\/sambafa.se\/wp-content\/uploads\/2026\/02\/wasaoptik-500x500-1-300x300.png 300w, https:\/\/sambafa.se\/wp-content\/uploads\/2026\/02\/wasaoptik-500x500-1-150x150.png 150w\" sizes=\"auto, (max-width: 500px) 100vw, 500px\" \/><\/figure>\n\n\n\n<figure class=\"wp-block-image size-large\"><img loading=\"lazy\" decoding=\"async\" width=\"600\" height=\"275\" data-id=\"283\" src=\"https:\/\/sambafa.se\/wp-content\/uploads\/2026\/05\/Fambo-logo-green-goteborg.avif\" alt=\"\" class=\"wp-image-283\" srcset=\"https:\/\/sambafa.se\/wp-content\/uploads\/2026\/05\/Fambo-logo-green-goteborg.avif 600w, https:\/\/sambafa.se\/wp-content\/uploads\/2026\/05\/Fambo-logo-green-goteborg-300x138.jpg 300w\" sizes=\"auto, (max-width: 600px) 100vw, 600px\" \/><\/figure>\n\n\n\n<figure class=\"wp-block-image size-large\"><img loading=\"lazy\" decoding=\"async\" width=\"500\" height=\"500\" data-id=\"233\" src=\"https:\/\/sambafa.se\/wp-content\/uploads\/2026\/05\/nike.png\" alt=\"\" class=\"wp-image-233\" srcset=\"https:\/\/sambafa.se\/wp-content\/uploads\/2026\/05\/nike.png 500w, https:\/\/sambafa.se\/wp-content\/uploads\/2026\/05\/nike-300x300.png 300w, https:\/\/sambafa.se\/wp-content\/uploads\/2026\/05\/nike-150x150.png 150w\" sizes=\"auto, (max-width: 500px) 100vw, 500px\" \/><\/figure>\n\n\n\n<figure class=\"wp-block-image size-large\"><img loading=\"lazy\" decoding=\"async\" width=\"304\" height=\"166\" data-id=\"284\" src=\"https:\/\/sambafa.se\/wp-content\/uploads\/2026\/05\/holmens-herr.png\" alt=\"\" class=\"wp-image-284\" srcset=\"https:\/\/sambafa.se\/wp-content\/uploads\/2026\/05\/holmens-herr.png 304w, https:\/\/sambafa.se\/wp-content\/uploads\/2026\/05\/holmens-herr-300x164.png 300w\" sizes=\"auto, (max-width: 304px) 100vw, 304px\" \/><\/figure>\n\n\n\n<figure class=\"wp-block-image size-large\"><img loading=\"lazy\" decoding=\"async\" width=\"275\" height=\"183\" data-id=\"288\" src=\"https:\/\/sambafa.se\/wp-content\/uploads\/2026\/05\/diflex.png\" alt=\"\" class=\"wp-image-288\"\/><\/figure>\n\n\n\n<figure class=\"wp-block-image size-large\"><img loading=\"lazy\" decoding=\"async\" width=\"200\" height=\"200\" data-id=\"286\" src=\"https:\/\/sambafa.se\/wp-content\/uploads\/2026\/05\/wesslau-advokat.jpg\" alt=\"\" class=\"wp-image-286\" srcset=\"https:\/\/sambafa.se\/wp-content\/uploads\/2026\/05\/wesslau-advokat.jpg 200w, https:\/\/sambafa.se\/wp-content\/uploads\/2026\/05\/wesslau-advokat-150x150.jpg 150w\" sizes=\"auto, (max-width: 200px) 100vw, 200px\" \/><\/figure>\n\n\n\n<figure class=\"wp-block-image size-large\"><img loading=\"lazy\" decoding=\"async\" width=\"200\" height=\"200\" data-id=\"296\" src=\"https:\/\/sambafa.se\/wp-content\/uploads\/2026\/05\/willhem-bostad.jpg\" alt=\"\" class=\"wp-image-296\" srcset=\"https:\/\/sambafa.se\/wp-content\/uploads\/2026\/05\/willhem-bostad.jpg 200w, https:\/\/sambafa.se\/wp-content\/uploads\/2026\/05\/willhem-bostad-150x150.jpg 150w\" sizes=\"auto, (max-width: 200px) 100vw, 200px\" \/><\/figure>\n\n\n\n<figure class=\"wp-block-image size-large\"><img loading=\"lazy\" decoding=\"async\" width=\"307\" height=\"164\" data-id=\"290\" src=\"https:\/\/sambafa.se\/wp-content\/uploads\/2026\/05\/lean-branding.png\" alt=\"\" class=\"wp-image-290\" srcset=\"https:\/\/sambafa.se\/wp-content\/uploads\/2026\/05\/lean-branding.png 307w, https:\/\/sambafa.se\/wp-content\/uploads\/2026\/05\/lean-branding-300x160.png 300w\" sizes=\"auto, (max-width: 307px) 100vw, 307px\" \/><\/figure>\n<\/figure>\n<\/div>\n<\/div>\n<\/div>\n\n\n\n<p><\/p>\n","protected":false},"excerpt":{"rendered":"<p>Sambafotboll \u2013 Det vackra spelet I Brasilien \u00e4r fotbollen f\u00f6rst och fr\u00e4mst en form av underh\u00e5llning. Viktigare \u00e4n resultatet \u00e4r hur man spelar. \u00c4nd\u00e5 har landet vunnit flest VM-titlar och producerat flest fotbollsstj\u00e4rnor! Lyckade samh\u00e4llsinsatser I Sambafotbollen \u00e4r resultatet i matcher sekund\u00e4rt. Det viktiga \u00e4r att f\u00f6rs\u00f6ka spela och agera vackert p\u00e5 plan och mot [&hellip;]<\/p>\n","protected":false},"author":1,"featured_media":0,"parent":0,"menu_order":0,"comment_status":"closed","ping_status":"closed","template":"page-no-title","meta":{"footnotes":""},"class_list":["post-5","page","type-page","status-publish","hentry"],"_links":{"self":[{"href":"https:\/\/sambafa.se\/index.php?rest_route=\/wp\/v2\/pages\/5","targetHints":{"allow":["GET"]}}],"collection":[{"href":"https:\/\/sambafa.se\/index.php?rest_route=\/wp\/v2\/pages"}],"about":[{"href":"https:\/\/sambafa.se\/index.php?rest_route=\/wp\/v2\/types\/page"}],"author":[{"embeddable":true,"href":"https:\/\/sambafa.se\/index.php?rest_route=\/wp\/v2\/users\/1"}],"replies":[{"embeddable":true,"href":"https:\/\/sambafa.se\/index.php?rest_route=%2Fwp%2Fv2%2Fcomments&post=5"}],"version-history":[{"count":28,"href":"https:\/\/sambafa.se\/index.php?rest_route=\/wp\/v2\/pages\/5\/revisions"}],"predecessor-version":[{"id":298,"href":"https:\/\/sambafa.se\/index.php?rest_route=\/wp\/v2\/pages\/5\/revisions\/298"}],"wp:attachment":[{"href":"https:\/\/sambafa.se\/index.php?rest_route=%2Fwp%2Fv2%2Fmedia&parent=5"}],"curies":[{"name":"wp","href":"https:\/\/api.w.org\/{rel}","templated":true}]}}